True
Is 963890917 composite?
True
Is 391822789 prime?
False
Is 11393192951 a prime number?
False
Is 91457124589 a composite number?
False
Is 2870969942 a composite number?
True
Is 142615897631 a composite number?
False
Is 14813217863 prime?
False
Is 7444985021 a composite number?
True
Is 9791640491 a prime number?
False
Is 5017708609 a composite number?
False
Is 499595527 a prime number?
True
Is 7814207 a prime number?
True
Is 12883429043 a prime number?
True
Is 2085778343 prime?
False
Is 15952350353 prime?
False
Is 138441881437 prime?
True
Is 3976068241 a prime number?
False
Is 1110239083 a composite number?
False
Is 581239819 a composite number?
False
Is 5834895923 a composite number?
False
Is 104368668653 a prime number?
False
Is 144550165783 a composite number?
True
Is 1058932687 prime?
True
Is 111742661 a prime number?
True
Is 1484373145 prime?
False
Is 24061472267 a prime number?
False
Is 58659032087 a prime number?
True
Is 1579067299 prime?
True
Is 3106446061 a prime number?
True
Is 1154988059 prime?
True
Is 141338633 a prime number?
False
Is 21589008391 prime?
True
Is 6178463623 a prime number?
True
Is 331582003 prime?
True
Is 3571747471 prime?
False
Is 157291297 prime?
True
Is 6048354127 a composite number?
False
Is 5968537373 prime?
False
Is 476131109 a composite number?
False
Is 4592801365 a composite number?
True
Is 16338189047 a composite number?
False
Is 36553997489 composite?
True
Is 528094369 composite?
True
Is 604598327 prime?
False
Is 9982833053 a prime number?
False
Is 9012434101 a prime number?
False
Is 83657711 prime?
True
Is 31331288737 a composite number?
True
Is 2988160957 a composite number?
True
Is 1962072067 a prime number?
False
Is 897462887 prime?
False
Is 12920809009 prime?
True
Is 214825337 prime?
True
Is 24852542053 prime?
True
Is 13144203847 composite?
True
Is 10327424885 composite?
True
Is 1147881281 a prime number?
False
Is 371170733 prime?
False
Is 3786376211 prime?
False
Is 8750231701 a prime number?
True
Is 12003243977 a prime number?
False
Is 712412401 composite?
False
Is 1232337173 prime?
False
Is 207104172473 composite?
True
Is 1409967277 a composite number?
True
Is 221546621 prime?
False
Is 78227113117 composite?
False
Is 500732669 composite?
True
Is 99280352021 a composite number?
False
Is 10078068593 prime?
True
Is 247065179 a prime number?
False
Is 1112744263 a composite number?
False
Is 1033866121 a composite number?
False
Is 2601428695 composite?
True
Is 3226608683 prime?
False
Is 12160261249 a composite number?
False
Is 232446497 a prime number?
True
Is 140966729243 a prime number?
True
Is 1457443937 a prime number?
True
Is 38987454811 a composite number?
False
Is 63756316717 a composite number?
False
Is 62327859353 a composite number?
False
Is 1243270159 prime?
False
Is 16450569467 composite?
True
Is 3832566803 composite?
True
Is 266890037 a prime number?
True
Is 496507669 a composite number?
True
Is 1886035659 a composite number?
True
Is 21771796139 prime?
False
Is 1263291493 composite?
True
Is 21730807421 a composite number?
False
Is 646980079 composite?
False
Is 75047324117 a composite number?
False
Is 5397153899 composite?
False
Is 21053717219 a prime number?
False
Is 3191372887 a composite number?
False
Is 20229552857 prime?
True
Is 68833116523 a prime number?
True
Is 792401243 a composite number?
True
Is 1179134815 prime?
False
Is 725652857 prime?
True
Is 41595043349 prime?
True
Is 401314891 a prime number?
False
Is 1798767571 a composite number?
True
Is 50821606127 a prime number?
False
Is 4575111913 a composite number?
True
Is 110517809 a composite number?
True
Is 16882410257 a prime number?
True
Is 127725223 prime?
True
Is 8446865981 a composite number?
False
Is 60871553 prime?
False
Is 677120051 a composite number?
False
Is 54288710689 composite?
True
Is 33031676393 composite?
False
Is 9082948501 a composite number?
True
Is 675676501 a composite number?
True
Is 155262737579 a prime number?
True
Is 2706529933 a prime number?
False
Is 19454724067 a prime number?
True
Is 40104353 prime?
True
Is 31845511 a prime number?
True
Is 8727662053 prime?
False
Is 1145981591 prime?
True
Is 193885171 a composite number?
False
Is 9168087373 a composite number?
False
Is 62601648157 prime?
True
Is 1426946149 composite?
True
Is 7792549889 prime?
False
Is 200069832449 composite?
False
Is 4992204587 a prime number?
False
Is 11267034509 composite?
False
Is 1584051451 prime?
False
Is 6932461723 prime?
False
Is 772029073 a prime number?
True
Is 4996944647 a composite number?
False
Is 29573981 a composite number?
True
Is 103382778719 a composite number?
True
Is 112183338697 a composite number?
True
Is 1119400619 a composite number?
False
Is 13821720839 prime?
True
Is 4735684497 composite?
True
Is 5494837067 prime?
False
Is 197475017 prime?
True
Is 3604280453 prime?
True
Is 24364660079 a composite number?
True
Is 2836976459 prime?
True
Is 56735550839 a prime number?
False
Is 340773539 a composite number?
False
Is 7952612561 a composite number?
False
Is 100591457 a prime number?
True
Is 7342327537 a composite number?
False
Is 24225143477 prime?
True
Is 996747613 a composite number?
False
Is 7201865753 composite?
True
Is 20869166749 composite?
False
Is 18158302153 a prime number?
True
Is 50039200009 a composite number?
False
Is 43731929551 prime?
False
Is 115826402903 prime?
False
Is 3953800633 a prime number?
True
Is 12806997227 a composite number?
True
Is 373053139 composite?
True
Is 8281851099 a prime number?
False
Is 738634111 composite?
True
Is 36611015471 a prime number?
True
Is 3572316931 prime?
True
Is 77386475281 prime?
False
Is 12935867407 a prime number?
False
Is 53774969107 a prime number?
True
Is 12045694931 composite?
True
Is 32298475159 prime?
True
Is 40230851981 a prime number?
True
Is 11182099447 prime?
False
Is 59991859033 a prime number?
True
Is 2464516813 a prime number?
False
Is 8334247967 prime?
False
Is 34898616321 a composite number?
True
Is 8620990447 a prime number?
False
Is 69742915271 composite?
False
Is 18832937737 prime?
True
Is 5908452379 a prime number?
False
Is 36079358219 prime?
True
Is 139961521409 a prime number?
False
Is 2195015629 composite?
False
Is 4124084297 a prime number?
False
Is 115167858469 composite?
True
Is 773624333 prime?
True
Is 143314489 a composite number?
True
Is 1813145119 composite?
True
Is 11653352771 a composite number?
True
Is 790006549 a composite number?
True
Is 12008234701 prime?
False
Is 29344285511 composite?
True
Is 6193055189 composite?
False
Is 41983771883 composite?
True
Is 38620954419 prime?
False
Is 111950001923 a composite number?
False
Is 312192977 prime?
True
Is 505630673 a composite number?
False
Is 13460382977 a prime number?
False
Is 363190277 composite?
False
Is 45846407459 composite?
False
Is 2728114705 a composite number?
True
Is 36530995526 a prime number?
False
Is 6220641941 composite?
True
Is 104655293 prime?
True
Is 11658562337 prime?
False
Is 41568852151 prime?
True
Is 408960523 a composite number?
True
Is 12933384221 a composite number?
True
Is 426115133 a composite number?
True
Is 110319956669 a composite number?
True
Is 36838735 a prime number?
False
Is 7748558561 prime?
True
Is 2362973381 a composite number?
False
Is 1776365431 prime?
False
Is 5210109911 a prime number?
False
Is 71522494691 a prime number?
True
Is 5635398401 prime?
False
Is 8806921 composite?
True
Is 3428248443 composite?
True
Is 27505557113 prime?
True
Is 3651888427 a composite number?
True
Is 61070697157 a composite number?
True
Is 177946550981 prime?
True
Is 662836399 a composite number?
True
Is 34294631923 prime?
False
Is 3530436071 composite?
True
Is 552568657 composite?
False
Is 6347021207 prime?
True
Is 412626871 prime?
True
Is 1779316723 prime?
False
Is 1238902706 prime?
False
Is 44860188097 prime?
True
Is 51668480999 a prime number?
False
Is 390564584251 composite?
True
Is 82326421 composite?
True
Is 42502357 a prime number?
False
Is 3015959347 prime?
True
Is 8235703727 composite?
False
Is 1752743767 a composite number?
True
Is 13055543219 a prime number?
True
Is 12793140413 a composite number?
False
Is 7705669 composite?
False
Is 891292211 prime?
True
Is 176752781 composite?
False
Is 1182851027 a composite number?
True
Is 5320731613 prime?
True
